 - 1140 = b, -3*a = 5*z - 1427. What are the prime factors of z?
2, 11, 13
Let d(h) = -h**3 + 26*h**2 - 27*h + 51. Let q be d(25). What are the prime factors of ((-10 - -4) + -524)*-1*q?
2, 5, 53
Suppose -4*o = -5*l + 25200, 2*o - 15142 = 58*l - 61*l. List the prime factors of l.
2, 13, 97
Let x(n) be the third derivative of n**6/40 + n**5/15 - n**4/3 + n**3 - 7*n**2 - 1. List the prime factors of x(2).
2, 3, 5
Let p be (0 + -1 + 2)*(-8 - 6). What are the prime factors of ((-42)/p)/((-526)/(-520) + -1)?
2, 5, 13
Let a = 10 - 10. Suppose a - 10 = -2*r. Suppose 205 = 4*w - 5*n, n - 200 = -4*w + r*n. List the prime factors of w.
3, 5
Suppose -56 = -19*a + 5*a. Suppose -z + 4*z = -3*d + 189, -a*z - 2*d = -244. What are the prime factors of z?
59
Suppose 448436 = 40*f - 24*f - 4*a, -56053 = -2*f - a. List the prime factors of f.
28027
Suppose 35 = -g + 8*g. Suppose g*x = -0*p + 4*p + 1756, -3*x = -5*p - 1064. Suppose 7*m - 3*m = x. What are the prime factors of m?
3, 29
Let g(d) = -5*d + 0*d**2 + 4*d**2 + 9 + 0*d - 3*d. Suppose 0 = -13*s - 3 + 94. What are the prime factors of g(s)?
149
Suppose 0 = 3*d - 2*l - 10883, 5*l - 7 + 12 = 0. Suppose -16*a + d - 27 = 0. What are the prime factors of a?
3, 5
Let p(s) = -17 + 85 + 71*s**2 + 15*s - 63*s**2. List the prime factors of p(-7).
5, 71
Suppose 0 = -4*f + 2*f + 5*z - 753, 0 = -4*f - 4*z - 1492. What are the prime factors of ((-5 - f) + 4)*1?
373
Let m(d) = 4*d**2 + 26*d - 25. Let h be m(1). Suppose 2*f = -3*a + 1717, -h*a = 4*f - 1851 - 1010. What are the prime factors of a?
3, 191
Suppose 0 = -5*h + 14 + 6. Let b = 411 + -407. Suppose 440 = h*d + 2*n, -d + 35 = b*n - 82. List the prime factors of d.
109
Let l = 1960 + -245. List the prime factors of l.
5, 7
Let d = -1050 - -6805. What are the prime factors of d?
5, 1151
Let p(l) = 2*l**3 - 83*l**2 - 23*l - 70. What are the prime factors of p(44)?
2, 3, 1433
Let q be 16/72 + (-25)/(-9). Suppose -4*r - 4*g = -6*r - 14, q*r - 2*g + 1 = 0. Suppose -55 = -3*x - o - 2, r*o - 31 = -x. What are the prime factors of x?
2
Suppose 3*i = 2*n + n + 9, -4*i - 5*n + 3 = 0. Suppose -g - 3*s + 17 = 0, -4*s + 0 + 16 = -i*g. What are the prime factors of (-11)/((-28)/(-16) - g)?
2, 11
Let r(g) = g**3 + 4*g**2 + 2*g + 3. Let f be r(0). Suppose 0 = -2*u + 5*b - 5, -u + 4*b = 2*u - f. Let k = u - -201. List the prime factors of k.
2, 103
Suppose -q + 4*p = -14568, 11*q = -16*q + 4*p + 393024. List the prime factors of q.
2, 3, 1213
Suppose 0 = 13*b - 23233 - 32797. Suppose q - b = -0*h - 4*h, -2*h = -q - 2158. What are the prime factors of h?
2, 7, 11
Suppose -591 = -7*t + 75863. List the prime factors of (t/215)/((-2)/(-30)).
2, 3, 127
Let m(w) = 91*w**2 - 2. Let f be -18*-3*16/36. Suppose f - 29 = -5*b. What are the prime factors of m(b)?
89
Suppose 13755 = 29*n - 24*n. What are the prime factors of n?
3, 7, 131
Let h = -18632 + 32706. What are the prime factors of h?
2, 31, 227
Let o be 2 + (-48)/18 + 489/(-9). What are the prime factors of (-11)/(o/(-164))*(-1 - 29)?
2, 3, 41
Let k(o) = -o**3 - 22*o**2 + 963*o - 105. What are the prime factors of k(21)?
3, 5, 7, 11
Suppose 4*k + a = 21, 2*a + 0*a = -2*k + 6. List the prime factors of 10/(-1*(k - (-1454)/(-242))).
2, 5, 11
Suppose 386142 + 1263576 = 129*l - 3*l. What are the prime factors of l?
13093
What are the prime factors of (-164510)/(-6) - (-4 + (-23)/(552/(-80)))?
7, 3917
Suppose 3*p = -s + 5288, -5*p + 2*s + 3368 = -5460. List the prime factors of p.
2, 3, 7
List the prime factors of ((-52)/(-260))/((-1)/(-42285)).
3, 2819
Let r(h) = 2*h**2 - 18*h - 6. Let f = -97 - -106. Let n be r(f). List the prime factors of (-31)/((1/n)/((-3)/(-9))).
2, 31
Suppose 4*z - 4 = 12. Suppose -5*k = 5*w - 20, -2*w = z*k - 14 - 2. Suppose -k*r - 136 = -4*y, -4*y - r + 121 = -0*r. What are the prime factors of y?
31
Suppose 3*y = 46 - 49. Let o be 87/(y - -2)*(-5)/(-5). Suppose 3*j = o + 495. What are the prime factors of j?
2, 97
Let a(y) = y**2 + 19*y + 1. Let h be a(-19). Let b be (2/h)/(3/6). Suppose 0 = b*l - 26 - 118. List the prime factors of l.
2, 3
Let q(m) = 2*m - 1 + 0*m**2 + 13*m**2 - 1. Let o be ((-6)/12)/(10/(-20)). List the prime factors of q(o).
13
What are the prime factors of (-152 - 5)/(2 + (-243)/(-123) + -4)?
41, 157
Let o = 3504 + 5438. List the prime factors of o.
2, 17, 263
Let x be (24/40)/((-1)/(-50)). Suppose -g - x = -41. Let s(w) = w**2 + 8*w - 24. List the prime factors of s(g).
5, 37
Suppose -4*y = 2*v + 2*v - 1384, -5*v + 1748 = -4*y. Suppose -j + v = 3*d - 32, -3*j + 1173 = -2*d. List the prime factors of j.
389
Suppose -5 = 12*r + 31. Let u(t) = 5*t**2 - 8*t + 1. List the prime factors of u(r).
2, 5, 7
Let x(c) = 3*c + 16. Let h be x(0). Suppose -2*l - 4*p = -26, -5*l - p + h = -13. Suppose -2*y = g - 3*y - 74, -l*g + y + 366 = 0. List the prime factors of g.
73
Suppose -23*g = -76 - 39. What are the prime factors of 0 + 4 + 40/g?
2, 3
List the prime factors of 20936/5 - (-3 - (-99)/45).
2, 3, 349
Let v(s) = 1636 + 0*s**2 - 1643 - 2*s**2 - 2*s**2 - 48*s. What are the prime factors of v(-11)?
37
Suppose -12*k = -13 - 35. Suppose -3*m + 581 = k*m. What are the prime factors of m?
83
Let s(y) = 19*y + 153. Let h = -75 + 86. List the prime factors of s(h).
2, 181
Let q = 1735 + -2907. Let n = q + 1896. What are the prime factors of n?
2, 181
Let r = 10821 + -1028. List the prime factors of r.
7, 1399
Let r(o) = 19*o**2 - 10*o + 23. Suppose 18 + 129 = 21*g. List the prime factors of r(g).
2, 13, 17
Let p(w) = 3*w - 48. Let s be p(14). What are the prime factors of (-1992)/(-6)*-3*2/s?
2, 83
Let b(o) = o**2 + o - 3. Let f be b(-4). Let l be f/6*(-16)/6. List the prime factors of l + 24/4 - -38.
2, 5
Let v = 26328 + -12561. List the prime factors of v.
3, 13, 353
Let i be (-16446)/(-15) + 9/15. Suppose -x - 2*g = -i, -2559 - 772 = -3*x + 2*g. What are the prime factors of x?
3, 41
Suppose 0 = -26*h + 1291486 - 264252. List the prime factors of h.
39509
Suppose 5004*y = 4991*y + 57850. What are the prime factors of y?
2, 5, 89
Let k = 5973 + 4413. What are the prime factors of k?
2, 3, 577
Let o = 82 + -161. Let i = -63 - o. Suppose 8*x + i = 12*x. List the prime factors of x.
2
Let k be (-588)/96 + 1/8. Let n be (-326)/(-9) - 2*k/(-54). List the prime factors of ((-328)/6)/((-24)/n).
2, 41
Let p = -564 + 2212. Suppose f + 3*n - 325 = 87, 4*f - 5*n = p. What are the prime factors of f?
2, 103
Let h(u) = 2381*u**2 + 175*u - 533. What are the prime factors of h(3)?
31, 691
Suppose 196 - 84 = 4*d. Let z = d - -87. What are the prime factors of 202/10 + (-23)/z?
2, 5
Let h = 1004 + -934. Suppose -24 = 3*t - 6*t. Suppose -10*p = -t*p - h. What are the prime factors of p?
5, 7
Let q(g) = -11 + 0*g + 5 - 2*g**3 - 5*g - 6*g**2. Suppose -d + 4*k + 16 = 0, 4*d - k + 1 + 10 = 0. List the prime factors of q(d).
2, 23
Let i = -13092 + 22546. What are the prime factors of i?
2, 29, 163
Suppose -39*s = -41*s + 12. Suppose -s*q = -58 - 50. What are the prime factors of ((-8)/6)/(q/(-567))?
2, 3, 7
Let m = -33045 + 71851. List the prime factors of m.
2, 19403
Let g be 20*((-32)/40)/(-1). What are the prime factors of ((-254)/(-8))/(4/g)?
127
Let x(v) = 113*v**2 - 3*v + 25. What are the prime factors of x(-8)?
3, 809
Suppose -3*y + 18*k + 46622 = 23*k, -k - 108772 = -7*y. What are the prime factors of y?
41, 379
Let z(h) be the second derivative of h**4/3 - 4*h**3/3 - 5*h**2/2 - 47*h. What are the prime factors of z(7)?
3, 5
Let b = -520 - -541. Suppose -3 - b = -q. What are the prime factors of q?
2, 3
Let i(w) = 5*w**2 + 80*w - 2040. List the prime factors of i(34).
2, 5, 17, 19
Let b(o) = o**3 - 3*o**2 + 6*o - 10. Suppose 9*h - 10*h + 42 = 0. Suppose 15*c - h = 9*c. List the prime factors of b(c).
2, 3, 19
Let m be (-706)/(-18) + (-2)/9. Suppose 4 + 5 = a. Let j = a + m. List the prime factors of j.
2, 3
Suppose -5*c - o = 1540, 0 = 3*c - 2*o + 605 + 319. Let a = c - -563. List the prime factors of a.
3, 5, 17
What are the prime factors of (-5496)/9*(-12 - 14 - 7)?
2, 11, 229
Let h(o) = 13*o**2 + 31*o - 943. List the prime factors of h(-14).
1171
What are the prime factors of 710768/64 + (-16)/(-64)?
2, 3, 617
Let w(c) = c**3 - 13*c**2 - 31*c + 15. Let g be w(15). Suppose -9*r + 244 + 413 = g. Let i = r - -6. What